{"id":14263,"date":"2022-12-18T18:19:41","date_gmt":"2022-12-18T18:19:41","guid":{"rendered":"https:\/\/telemedi.com\/?post_type=tm-guide&#038;p=14263"},"modified":"2023-03-17T11:53:20","modified_gmt":"2023-03-17T10:53:20","slug":"polio-choroba-heinego-medina","status":"publish","type":"tm-guide","link":"https:\/\/telemedi.com\/pl\/poradnik\/polio-choroba-heinego-medina\/","title":{"rendered":"Polio &#8211; choroba Heinego Medina."},"content":{"rendered":"\n<h2 class=\"h2 h2--content-tag wp-block-heading\" id=\"wirus\">Wirus polio i epidemia polio.<\/h2>\n\n\n\n<p><strong>Polio<\/strong> ma kilka nazw &#8211; choroba Heinego-Medina, po \u0142acinie &#8211; <em>poliomyelitis anterior acuta<\/em>, ostre nagminne pora\u017cenie dzieci\u0119ce, wirusowe zapalenie rog\u00f3w przednich rdzenia kr\u0119gowego i H14. Wirus polio nale\u017cy do grupy enterowirus\u00f3w, co oznacza, \u017ce przedostaje si\u0119 do organizmu od strony uk\u0142adu pokarmowego. <strong>Polio replikuje si\u0119 w nab\u0142onku jelit i nast\u0119pnie atakuje pobliskie w\u0119z\u0142y ch\u0142onne oraz uk\u0142ad krwiono\u015bny.<\/strong> Zaka\u017cenie wirusem polio mo\u017ce odbywa\u0107 si\u0119 r\u00f3wnie\u017c drog\u0105 kropelkow\u0105. Istniej\u0105 trzy gatunki wirusa polio: typ 1, typ 2 i typ 3. <strong>Typ 1 jest najbardziej zjadliwy i odpowiedzialny za wi\u0119kszo\u015b\u0107 przypadk\u00f3w choroby, w tym ci\u0119\u017cki parali\u017c.<\/strong> Typ 2 i typ 3 s\u0105 rzadsze i niezbyt cz\u0119sto prowadz\u0105 do ci\u0119\u017ckich zaburze\u0144 ruchu lub niepe\u0142nosprawno\u015bci. W latach 40&#8242;,50&#8242;, i 60&#8242; ubieg\u0142ego wieku, polio by\u0142o jedn\u0105 z najstraszniejszych chor\u00f3b zaka\u017anych na \u015bwiecie. Zachorowa\u0142o miliony os\u00f3b, wiele z nich zmar\u0142o lub pozosta\u0142o niepe\u0142nosprawnymi &#8211; niestety dok\u0142adne dane nie s\u0105 dost\u0119pne, poniewa\u017c choroba zaatakowa\u0142a wiele kraj\u00f3w ze s\u0142abo rozwini\u0119t\u0105 opiek\u0105 zdrowotn\u0105. Dzi\u0119ki powszechnemu stosowaniu szczepionek polio zosta\u0142o praktycznie wyeliminowane. Choroba Heinego-Medina by\u0142a szczeg\u00f3lnie niebezpieczna dla dzieci, ze wzgl\u0119du na ich niewykszta\u0142cony uk\u0142ad odporno\u015bciowy.<strong> W Polsce ostatni przypadek zaka\u017cenia dzikim wirusem polio mia\u0142 miejsce w 1984 roku.<\/strong> W 2014 roku \u015awiatowa Organizacja Zdrowia ostrzega\u0142a przed transgranicznym rozprzestrzenianiem si\u0119 dzikiego wirusa polio, na szcz\u0119\u015bcie niedosz\u0142\u0105 epidemi\u0119 uda\u0142o si\u0119 opanowa\u0107.<\/p>\n\n\n\n<h2 class=\"h2 h2--content-tag wp-block-heading\" id=\"objawy\">Objawy choroby Heinego-Medina i mo\u017cliwy przebieg.<\/h2>\n\n\n\n<p>Objawy polio by\u0142y zale\u017cne od postaci wirusa, kt\u00f3ry zaatakowa\u0142 chorego. Okres wyl\u0119gania choroby wynosi od 7 do 14 dni.<\/p>\n\n\n\n<p><strong>Og\u00f3lne objawy choroby:<\/strong><\/p>\n\n\n\n<ul class=\"wp-block-list\">\n<li>b\u00f3le g\u0142owy;<\/li>\n\n\n\n<li>b\u00f3l gard\u0142a;<\/li>\n\n\n\n<li>objawy \u017co\u0142\u0105dkowo-jelitowe;<\/li>\n\n\n\n<li>uczucie sztywno\u015bci karku lub plec\u00f3w;<\/li>\n\n\n\n<li>gor\u0105czka;<\/li>\n\n\n\n<li>objawy ze strony o\u015brodkowego uk\u0142adu nerwowego: uczucie os\u0142abienia si\u0142y mi\u0119\u015bniowej, parestezje, trwa\u0142e pora\u017cenia mi\u0119\u015bni, zaburzenia oddychania,<\/li>\n<\/ul>\n\n\n\n<p><strong>Choroba polio, ze wzgl\u0119du na objawy, mo\u017ce przybiera\u0107 nast\u0119puj\u0105ce postaci:<\/strong><\/p>\n\n\n\n<ol class=\"wp-block-list\">\n<li><strong>Posta\u0107 bezobjawowa <\/strong>&#8211; wi\u0119kszo\u015b\u0107 zaka\u017ce\u0144 wirusami poliomyelitis przebiega bez widocznych objaw\u00f3w.<\/li>\n\n\n\n<li><strong>Polio poronne <\/strong>&#8211; choroba gor\u0105czkowa, pojawiaj\u0105 si\u0119 w niej objawy nieswoiste, zale\u017cne od tego w jakim stopniu zosta\u0142 uszkodzony uk\u0142ad nerwowy.<\/li>\n\n\n\n<li><strong>Aseptyczne zapalenie opon m\u00f3zgowo-rdzeniowych <\/strong>&#8211; ust\u0119puje samoistnie i nie wywo\u0142uje powik\u0142a\u0144.<\/li>\n\n\n\n<li><strong>Posta\u0107 pora\u017cenna<\/strong> &#8211; wyst\u0119puje w 0,1% przypadk\u00f3w zachorowa\u0144. Dzieli si\u0119 na posta\u0107 rdzeniow\u0105 i posta\u0107 opuszkow\u0105.\n<ul class=\"wp-block-list\">\n<li><strong>posta\u0107 rdzeniowa<\/strong> &#8211; dochodzi do pora\u017cenia mi\u0119\u015bni ko\u0144czyn dolnych, rzadziej g\u00f3rnych. Mo\u017ce doj\u015b\u0107 do pora\u017cenia mi\u0119\u015bni oddechowych i tu\u0142owia. Stopie\u0144 pora\u017cenia mo\u017ce by\u0107 r\u00f3\u017cny &#8211; od lekkiego upo\u015bledzenia lub os\u0142abienia si\u0142y, a\u017c po ca\u0142kowity parali\u017c.<\/li>\n\n\n\n<li><strong>posta\u0107 opuszkowa<\/strong> &#8211; wirus atakuje struktury podstawy m\u00f3zgu, j\u0105dra nerw\u00f3w czaszkowych, o\u015brodek oddechowy i o\u015brodek kr\u0105\u017cenia rdzenia przed\u0142u\u017conego. Jest to bezpo\u015brednie zagro\u017cenie \u017cycia.<\/li>\n\n\n\n<li><strong>posta\u0107 opuszkowo-rdzeniowa<\/strong> &#8211; bardzo z\u0142e rokowanie, pora\u017cenie wyst\u0119puje w rdzeniu kr\u0119gowym, jak i w podstawie m\u00f3zgu.<\/li>\n\n\n\n<li>zapalenie m\u00f3zgu &#8211; \u015bmiertelna posta\u0107 polio.<\/li>\n<\/ul>\n<\/li>\n\n\n\n<li><strong>Zesp\u00f3\u0142 popora\u017cenny <\/strong>(zesp\u00f3\u0142 post-polio) &#8211; wyst\u0119puje nawet 30 lat po chorobie i obejmuje struktury, kt\u00f3rych wcze\u015bniej nie dotkn\u0119\u0142o pora\u017cenie. Choroba jednak post\u0119puje bardzo wolno i mo\u017ce nie dawa\u0107 widocznych objaw\u00f3w.<\/li>\n<\/ol>\n\n\n\n<h2 class=\"h2 h2--content-tag wp-block-heading\" id=\"szczepienie\">Szczepienie przeciw polio i metody leczenia.<\/h2>\n\n\n\n<p><strong>Do tej pory nie wynaleziono skutecznego leku na polio<\/strong>. W walce z chorob\u0105 Heinego-Medina stosuje si\u0119 leczenie objawowe (leki przeciwb\u00f3lowe, przeciwgor\u0105czkowe, wyr\u00f3wnywanie zaburze\u0144 gospodarki wodno-elektrolitowej), rehabilitacj\u0119 oraz wspomaganie oddychania.<\/p>\n\n\n\n<p>Prze\u0142omowym momentem w walce z wirusem poliomyelitis, by\u0142o <strong>wynalezienie i globalne rozpowszechnienie szczepie\u0144.<\/strong> Pierwsza szczepionka przeciw poliomyelitis mia\u0142a form\u0119 doustn\u0105 i nazywano j\u0105 szczepionk\u0105 Koprowskiego. Zosta\u0142a ona zast\u0105piona szczepionk\u0105 Alberta Sabina (OPV). W Polsce do programu szczepie\u0144 ochronnych dzieci r\u00f3wnie\u017c w\u0142\u0105czono szczepionk\u0119 na polio &#8211; inaktywowana szczepionka Salka (IPV), kt\u00f3ra podawana jest w 3 iniekcjach. Dodatkowo w 6 roku \u017cycia podaje si\u0119 dzieciom szczepionk\u0119 doustn\u0105 OPV.<\/p>\n\n\n\n<p><strong>Przeczytaj tak\u017ce o:<\/strong><\/p>\n\n\n\n<figure class=\"wp-block-embed is-type-wp-embed is-provider-telemedi wp-block-embed-telemedi\"><div class=\"wp-block-embed__wrapper\">\n<blockquote class=\"wp-embedded-content\" data-secret=\"6j6r5JjPYJ\"><a href=\"https:\/\/telemedi.com\/pl\/poradnik\/bol-jader\/\">B\u00f3l j\u0105der<\/a><\/blockquote><iframe loading=\"lazy\" class=\"wp-embedded-content\" sandbox=\"allow-scripts\" security=\"restricted\" style=\"position: absolute; visibility: hidden;\" title=\"&#8222;B\u00f3l j\u0105der&#8221; &#8212; Telemedi\" src=\"https:\/\/telemedi.com\/pl\/poradnik\/bol-jader\/embed\/#?secret=1zo191cmG3#?secret=6j6r5JjPYJ\" data-secret=\"6j6r5JjPYJ\" width=\"600\" height=\"338\" frameborder=\"0\" marginwidth=\"0\" marginheight=\"0\" scrolling=\"no\"><\/iframe>\n<\/div><\/figure>\n","protected":false},"author":1,"featured_media":0,"template":"","tags":[1397,1393,1395],"guide_category":[1138],"class_list":["post-14263","tm-guide","type-tm-guide","status-publish","hentry","tag-epidemia-polio","tag-polio","tag-wirus-polio","guide_category-choroby"],"acf":[],"lang":"pl","translations":{"pl":14263},"_links":{"self":[{"href":"https:\/\/telemedi.com\/tm-api\/wp\/v2\/tm-guide\/14263","targetHints":{"allow":["GET"]}}],"collection":[{"href":"https:\/\/telemedi.com\/tm-api\/wp\/v2\/tm-guide"}],"about":[{"href":"https:\/\/telemedi.com\/tm-api\/wp\/v2\/types\/tm-guide"}],"author":[{"embeddable":true,"href":"https:\/\/telemedi.com\/tm-api\/wp\/v2\/users\/1"}],"wp:attachment":[{"href":"https:\/\/telemedi.com\/tm-api\/wp\/v2\/media?parent=14263"}],"wp:term":[{"taxonomy":"post_tag","embeddable":true,"href":"https:\/\/telemedi.com\/tm-api\/wp\/v2\/tags?post=14263"},{"taxonomy":"guide_category","embeddable":true,"href":"https:\/\/telemedi.com\/tm-api\/wp\/v2\/guide_category?post=14263"}],"curies":[{"name":"wp","href":"https:\/\/api.w.org\/{rel}","templated":true}]}}

<h2 class="h2 h2--content-tag wp-block-heading" id="wirus">Wirus polio i epidemia polio.</h2>



<p><strong>Polio</strong> ma kilka nazw &#8211; choroba Heinego-Medina, po łacinie &#8211; <em>poliomyelitis anterior acuta</em>, ostre nagminne porażenie dziecięce, wirusowe zapalenie rogów przednich rdzenia kręgowego i H14. Wirus polio należy do grupy enterowirusów, co oznacza, że przedostaje się do organizmu od strony układu pokarmowego. <strong>Polio replikuje się w nabłonku jelit i następnie atakuje pobliskie węzły chłonne oraz układ krwionośny.</strong> Zakażenie wirusem polio może odbywać się również drogą kropelkową. Istnieją trzy gatunki wirusa polio: typ 1, typ 2 i typ 3. <strong>Typ 1 jest najbardziej zjadliwy i odpowiedzialny za większość przypadków choroby, w tym ciężki paraliż.</strong> Typ 2 i typ 3 są rzadsze i niezbyt często prowadzą do ciężkich zaburzeń ruchu lub niepełnosprawności. W latach 40&#8242;,50&#8242;, i 60&#8242; ubiegłego wieku, polio było jedną z najstraszniejszych chorób zakaźnych na świecie. Zachorowało miliony osób, wiele z nich zmarło lub pozostało niepełnosprawnymi &#8211; niestety dokładne dane nie są dostępne, ponieważ choroba zaatakowała wiele krajów ze słabo rozwiniętą opieką zdrowotną. Dzięki powszechnemu stosowaniu szczepionek polio zostało praktycznie wyeliminowane. Choroba Heinego-Medina była szczególnie niebezpieczna dla dzieci, ze względu na ich niewykształcony układ odpornościowy.<strong> W Polsce ostatni przypadek zakażenia dzikim wirusem polio miał miejsce w 1984 roku.</strong> W 2014 roku Światowa Organizacja Zdrowia ostrzegała przed transgranicznym rozprzestrzenianiem się dzikiego wirusa polio, na szczęście niedoszłą epidemię udało się opanować.</p>



<h2 class="h2 h2--content-tag wp-block-heading" id="objawy">Objawy choroby Heinego-Medina i możliwy przebieg.</h2>



<p>Objawy polio były zależne od postaci wirusa, który zaatakował chorego. Okres wylęgania choroby wynosi od 7 do 14 dni.</p>



<p><strong>Ogólne objawy choroby:</strong></p>



<ul class="wp-block-list">
<li>bóle głowy;</li>



<li>ból gardła;</li>



<li>objawy żołądkowo-jelitowe;</li>



<li>uczucie sztywności karku lub pleców;</li>



<li>gorączka;</li>



<li>objawy ze strony ośrodkowego układu nerwowego: uczucie osłabienia siły mięśniowej, parestezje, trwałe porażenia mięśni, zaburzenia oddychania,</li>
</ul>



<p><strong>Choroba polio, ze względu na objawy, może przybierać następujące postaci:</strong></p>



<ol class="wp-block-list">
<li><strong>Postać bezobjawowa </strong>&#8211; większość zakażeń wirusami poliomyelitis przebiega bez widocznych objawów.</li>



<li><strong>Polio poronne </strong>&#8211; choroba gorączkowa, pojawiają się w niej objawy nieswoiste, zależne od tego w jakim stopniu został uszkodzony układ nerwowy.</li>



<li><strong>Aseptyczne zapalenie opon mózgowo-rdzeniowych </strong>&#8211; ustępuje samoistnie i nie wywołuje powikłań.</li>



<li><strong>Postać porażenna</strong> &#8211; występuje w 0,1% przypadków zachorowań. Dzieli się na postać rdzeniową i postać opuszkową.
<ul class="wp-block-list">
<li><strong>postać rdzeniowa</strong> &#8211; dochodzi do porażenia mięśni kończyn dolnych, rzadziej górnych. Może dojść do porażenia mięśni oddechowych i tułowia. Stopień porażenia może być różny &#8211; od lekkiego upośledzenia lub osłabienia siły, aż po całkowity paraliż.</li>



<li><strong>postać opuszkowa</strong> &#8211; wirus atakuje struktury podstawy mózgu, jądra nerwów czaszkowych, ośrodek oddechowy i ośrodek krążenia rdzenia przedłużonego. Jest to bezpośrednie zagrożenie życia.</li>



<li><strong>postać opuszkowo-rdzeniowa</strong> &#8211; bardzo złe rokowanie, porażenie występuje w rdzeniu kręgowym, jak i w podstawie mózgu.</li>



<li>zapalenie mózgu &#8211; śmiertelna postać polio.</li>
</ul>
</li>



<li><strong>Zespół poporażenny </strong>(zespół post-polio) &#8211; występuje nawet 30 lat po chorobie i obejmuje struktury, których wcześniej nie dotknęło porażenie. Choroba jednak postępuje bardzo wolno i może nie dawać widocznych objawów.</li>
</ol>



<h2 class="h2 h2--content-tag wp-block-heading" id="szczepienie">Szczepienie przeciw polio i metody leczenia.</h2>



<p><strong>Do tej pory nie wynaleziono skutecznego leku na polio</strong>. W walce z chorobą Heinego-Medina stosuje się leczenie objawowe (leki przeciwbólowe, przeciwgorączkowe, wyrównywanie zaburzeń gospodarki wodno-elektrolitowej), rehabilitację oraz wspomaganie oddychania.</p>



<p>Przełomowym momentem w walce z wirusem poliomyelitis, było <strong>wynalezienie i globalne rozpowszechnienie szczepień.</strong> Pierwsza szczepionka przeciw poliomyelitis miała formę doustną i nazywano ją szczepionką Koprowskiego. Została ona zastąpiona szczepionką Alberta Sabina (OPV). W Polsce do programu szczepień ochronnych dzieci również włączono szczepionkę na polio &#8211; inaktywowana szczepionka Salka (IPV), która podawana jest w 3 iniekcjach. Dodatkowo w 6 roku życia podaje się dzieciom szczepionkę doustną OPV.</p>



<p><strong>Przeczytaj także o:</strong></p>



<figure class="wp-block-embed is-type-wp-embed is-provider-telemedi wp-block-embed-telemedi"><div class="wp-block-embed__wrapper">
<blockquote class="wp-embedded-content" data-secret="6j6r5JjPYJ"><a href="https://telemedi.com/pl/poradnik/bol-jader/">Ból jąder</a></blockquote><iframe loading="lazy" class="wp-embedded-content" sandbox="allow-scripts" security="restricted" style="position: absolute; visibility: hidden;" title="&#8222;Ból jąder&#8221; &#8212; Telemedi" src="https://telemedi.com/pl/poradnik/bol-jader/embed/#?secret=1zo191cmG3#?secret=6j6r5JjPYJ" data-secret="6j6r5JjPYJ" width="600" height="338" frameborder="0" marginwidth="0" marginheight="0" scrolling="no"></iframe>
</div></figure>
