{"id":16838,"date":"2023-04-27T23:33:28","date_gmt":"2023-04-27T21:33:28","guid":{"rendered":"https:\/\/telemedi.com\/?post_type=tm-guide&#038;p=16838"},"modified":"2024-01-21T13:52:30","modified_gmt":"2024-01-21T12:52:30","slug":"skuteczny-lek-na-afty","status":"publish","type":"tm-guide","link":"https:\/\/telemedi.com\/pl\/poradnik\/skuteczny-lek-na-afty\/","title":{"rendered":"Skuteczny lek na afty"},"content":{"rendered":"\n<h2 class=\"h2 h2--content-tag wp-block-heading\" id=\"afty\">Afty i ple\u015bniawki: czym s\u0105 i jak si\u0119 ich pozby\u0107?<\/h2>\n\n\n\n<p>Tutaj masz mo\u017cliwo\u015b\u0107 uzyskania <strong><a href=\"https:\/\/telemedi.com\/pl\/recepta-online\/\">recepty online<\/a>.<\/strong><\/p>\n\n\n\n<p><strong>Afty,<\/strong> czyli niewielkie nad\u017cerki o okr\u0105g\u0142ym kszta\u0142cie, kt\u00f3re po kilku dniach pokrywaj\u0105 si\u0119 bia\u0142ym nalotem, wyst\u0119puj\u0105 pojedynczo lub w skupiskach w jamie ustnej. Pojawiaj\u0105 si\u0119 na j\u0119zyku, podniebieniu, dzi\u0105s\u0142ach oraz po wewn\u0119trznej stronie policzk\u00f3w. Czasami towarzysz\u0105 im stany zapalne oraz nieprzyjemne objawy dodatkowe, kt\u00f3re utrudniaj\u0105 spo\u017cywanie pokarm\u00f3w.<\/p>\n\n\n\n<p>Przyczynami aft s\u0105 nieodpowiednia higiena jamy ustnej oraz choroby z\u0119b\u00f3w \u2013 zw\u0142aszcza pr\u00f3chnica. Ale nie tylko, poniewa\u017c powodem aft mog\u0105 tak\u017ce by\u0107:<\/p>\n\n\n\n<ul class=\"wp-block-list\">\n<li>problemy i zaburzenia hormonalne,<\/li>\n\n\n\n<li>uszkodzenia mechaniczne b\u0142ony \u015bluzowej np. z powodu noszenia aparatu ortodontycznego,<\/li>\n\n\n\n<li>niedopasowana proteza z\u0119bowa,<\/li>\n\n\n\n<li>alergie,<\/li>\n\n\n\n<li>za\u017cywanie silnych antybiotyk\u00f3w;<\/li>\n\n\n\n<li>spadek odporno\u015bci (afty cz\u0119\u015bciej pojawiaj\u0105 si\u0119 jesieni\u0105 i zim\u0105, s\u0105 pierwsz\u0105 oznak\u0105 przezi\u0119bienia).<\/li>\n<\/ul>\n\n\n\n<p>Trzeba przy tym pami\u0119ta\u0107, \u017ce <strong>afty i ple\u015bniawki <\/strong>to dwie r\u00f3\u017cne dolegliwo\u015bci, kt\u00f3re leczy si\u0119 w odmienny spos\u00f3b. Ple\u015bniawki wywo\u0142uj\u0105 grzyby chorobotw\u00f3rcze, objawiaj\u0105 si\u0119 one w postaci bia\u0142ych plamek na j\u0119zyku lub podniebieniu.<\/p>\n\n\n\n<p>Jeden na dziesi\u0119\u0107 przypadk\u00f3w to tzw. afty Suttona, czyli afty du\u017ce, kt\u00f3ra maj\u0105 rozmiar nawet kilku centymetr\u00f3w. Powodem ich powstania s\u0105 niedobory witamin z grupy B, \u017celaza oraz kwasu foliowego. Ten rodzaj aft leczy si\u0119 d\u0142u\u017cej, a czasami nawet po wyleczeniu pozostaj\u0105 blizny.<\/p>\n\n\n\n<p>Nieleczone afty w jamie ustnej goj\u0105 si\u0119 bardzo d\u0142ugo, nawet do kilku tygodni \u2013 dlatego tak wa\u017cne jest leczenie przy u\u017cyciu lek\u00f3w bez recepty dost\u0119pnych w aptece.<\/p>\n\n\n\n<h2 class=\"h2 h2--content-tag wp-block-heading\" id=\"leczyc\">Jak leczy\u0107 afty spowodowane przez drobne rany?<\/h2>\n\n\n\n<p>Je\u015bli afty s\u0105 efektem drobnego urazu b\u0142ony \u015bluzowej jamy ustnej, pom\u00f3c mog\u0105 preparaty wspieraj\u0105ce gojenie ran, kt\u00f3re \u0142agodz\u0105 b\u00f3l i chroni\u0105 ran\u0119 przed szkodliwym dzia\u0142aniem czynnik\u00f3w zewn\u0119trznych.<\/p>\n\n\n\n<h2 class=\"h2 h2--content-tag wp-block-heading\" id=\"plyn\">P\u0142yn do p\u0142ukania jamy ustnej na afty<\/h2>\n\n\n\n<p>W leczeniu aft dobre efekty przynosi zastosowanie <strong>p\u0142ynu do p\u0142ukania jamy ustnej<\/strong>. Jest to wyr\u00f3b medyczny do stosowania w jamie ustnej, kt\u00f3ry zawieraj\u0105c substancje nawil\u017caj\u0105ce (m.in. kwas hialuronowy) wspiera proces gojenia i regeneracj\u0119 b\u0142ony \u015bluzowej. Sk\u0142adniki aktywne zawarte w p\u0142ynie do p\u0142ukania jamy ustnej tworz\u0105 warstw\u0119 ochronn\u0105 oraz \u0142agodz\u0105 nieprzyjemne dolegliwo\u015bci. Natomiast aloes dzia\u0142a koj\u0105co.<\/p>\n\n\n\n<h2 class=\"h2 h2--content-tag wp-block-heading\" id=\"zel\">Leki na afty \u2013 \u017cel stomatologiczny<\/h2>\n\n\n\n<p>Afty w jakie ustnej leczy\u0107 mo\u017cna stosuj\u0105c <strong>\u017cel<\/strong> ze sk\u0142adnikami aktywnymi (m.in. z chlorheksydyna) o dzia\u0142aniu przeciwzapalnym i \u0142agodz\u0105cym. Lek w formie \u017celu pomaga na afty i ple\u015bniawki, a tak\u017ce choroby z\u0119b\u00f3w i przyz\u0119bia.<\/p>\n\n\n\n<h2 class=\"h2 h2--content-tag wp-block-heading\" id=\"aerozol\">Leki na afty &#8211; aerozol na afty w obr\u0119bie jamy ustnej<\/h2>\n\n\n\n<p>Afty w jamie ustnej zneutralizowa\u0107 mo\u017cna u\u017cywaj\u0105c leku w formie aerozolu, z aplikatorem, kt\u00f3ry pozwala na wygodne i precyzyjne na\u0142o\u017cenie go na obola\u0142e miejsca.<\/p>\n\n\n\n<h2 class=\"h2 h2--content-tag wp-block-heading\" id=\"stan\">Afty i stan zapalny \u2013 kiedy potrzebna jest konsultacja lekarska?<\/h2>\n\n\n\n<p>Afty, kt\u00f3re maj\u0105 posta\u0107 bia\u0142ych plamek, mog\u0105 powodowa\u0107 stan zapalny w jamie ustnej, kt\u00f3ry wymaga konsultacji lekarskiej. Je\u015bli zaobserwujesz u siebie powi\u0119kszenie w\u0119z\u0142\u00f3w ch\u0142onnych, wzrost temperatury cia\u0142a lub b\u00f3l gard\u0142a &#8211; um\u00f3w wizyt\u0119 u lekarza.<\/p>\n\n\n\n<h2 class=\"h2 h2--content-tag wp-block-heading\" id=\"skuteczny\">Jak wybra\u0107 skuteczny lek na afty u doros\u0142ych?<\/h2>\n\n\n\n<p>Osoby doros\u0142e borykaj\u0105ce si\u0119 z aftami najch\u0119tniej si\u0119gaj\u0105 po \u017cele na afty, kt\u00f3re przeznaczone s\u0105 do miejscowego stosowania w jamie ustnej. Przynosz\u0105 one ulg\u0119 w b\u00f3lu, maj\u0105 dzia\u0142anie przeciwzapalnie i \u0142agodz\u0105ce, a tak\u017ce przy\u015bpieszaj\u0105 gojenie ran.<\/p>\n\n\n\n<p>Skuteczne s\u0105 tak\u017ce p\u0142yny do p\u0142ukania jamy ustnej wspieraj\u0105ce regeneracj\u0119 \u015bluz\u00f3wki kwasem hialuronowym, a dodatkowo obecne w nich sk\u0142adniki aktywne mog\u0105 stworzy\u0107 warstw\u0119 ochronn\u0105, kt\u00f3ra skutecznie z\u0142agodzi przykre dolegliwo\u015bci towarzysz\u0105ce aftom.<\/p>\n\n\n\n<h2 class=\"h2 h2--content-tag wp-block-heading\" id=\"dzieci\">Jaki lek na afty dla dzieci?<\/h2>\n\n\n\n<p>Afty i ple\u015bniawki s\u0105 cz\u0119stym problemem dzieci, kt\u00f3re z\u0105bkuj\u0105 lub maj\u0105 obni\u017con\u0105 odporno\u015b\u0107. U dziecka, u kt\u00f3rego pojawi\u0142a si\u0119 afta, mo\u017ce pojawi\u0107 si\u0119 dyskomfort i niepok\u00f3j, dlatego tak wa\u017cne jest u\u017cycie <strong>leku na afty dla dzieci<\/strong>, kt\u00f3ry poprawi samopoczucie i przyniesie ulg\u0119. Warto si\u0119gn\u0105\u0107 po wyr\u00f3b medyczny w formie \u017celu z naturalnymi sk\u0142adnikami, np. z aloesu, kt\u00f3re z\u0142agodz\u0105 b\u00f3l.<\/p>\n","protected":false},"author":1,"featured_media":0,"template":"","tags":[4416,979,4420,1586,4],"guide_category":[950],"class_list":["post-16838","tm-guide","type-tm-guide","status-publish","hentry","tag-lek-na-afty","tag-leki","tag-nadzerki","tag-plesniawki","tag-poradnik","guide_category-leki"],"acf":[],"lang":"pl","translations":{"pl":16838},"_links":{"self":[{"href":"https:\/\/telemedi.com\/tm-api\/wp\/v2\/tm-guide\/16838","targetHints":{"allow":["GET"]}}],"collection":[{"href":"https:\/\/telemedi.com\/tm-api\/wp\/v2\/tm-guide"}],"about":[{"href":"https:\/\/telemedi.com\/tm-api\/wp\/v2\/types\/tm-guide"}],"author":[{"embeddable":true,"href":"https:\/\/telemedi.com\/tm-api\/wp\/v2\/users\/1"}],"wp:attachment":[{"href":"https:\/\/telemedi.com\/tm-api\/wp\/v2\/media?parent=16838"}],"wp:term":[{"taxonomy":"post_tag","embeddable":true,"href":"https:\/\/telemedi.com\/tm-api\/wp\/v2\/tags?post=16838"},{"taxonomy":"guide_category","embeddable":true,"href":"https:\/\/telemedi.com\/tm-api\/wp\/v2\/guide_category?post=16838"}],"curies":[{"name":"wp","href":"https:\/\/api.w.org\/{rel}","templated":true}]}}

<h2 class="h2 h2--content-tag wp-block-heading" id="afty">Afty i pleśniawki: czym są i jak się ich pozbyć?</h2>



<p>Tutaj masz możliwość uzyskania <strong><a href="https://telemedi.com/pl/recepta-online/">recepty online</a>.</strong></p>



<p><strong>Afty,</strong> czyli niewielkie nadżerki o okrągłym kształcie, które po kilku dniach pokrywają się białym nalotem, występują pojedynczo lub w skupiskach w jamie ustnej. Pojawiają się na języku, podniebieniu, dziąsłach oraz po wewnętrznej stronie policzków. Czasami towarzyszą im stany zapalne oraz nieprzyjemne objawy dodatkowe, które utrudniają spożywanie pokarmów.</p>



<p>Przyczynami aft są nieodpowiednia higiena jamy ustnej oraz choroby zębów – zwłaszcza próchnica. Ale nie tylko, ponieważ powodem aft mogą także być:</p>



<ul class="wp-block-list">
<li>problemy i zaburzenia hormonalne,</li>



<li>uszkodzenia mechaniczne błony śluzowej np. z powodu noszenia aparatu ortodontycznego,</li>



<li>niedopasowana proteza zębowa,</li>



<li>alergie,</li>



<li>zażywanie silnych antybiotyków;</li>



<li>spadek odporności (afty częściej pojawiają się jesienią i zimą, są pierwszą oznaką przeziębienia).</li>
</ul>



<p>Trzeba przy tym pamiętać, że <strong>afty i pleśniawki </strong>to dwie różne dolegliwości, które leczy się w odmienny sposób. Pleśniawki wywołują grzyby chorobotwórcze, objawiają się one w postaci białych plamek na języku lub podniebieniu.</p>



<p>Jeden na dziesięć przypadków to tzw. afty Suttona, czyli afty duże, która mają rozmiar nawet kilku centymetrów. Powodem ich powstania są niedobory witamin z grupy B, żelaza oraz kwasu foliowego. Ten rodzaj aft leczy się dłużej, a czasami nawet po wyleczeniu pozostają blizny.</p>



<p>Nieleczone afty w jamie ustnej goją się bardzo długo, nawet do kilku tygodni – dlatego tak ważne jest leczenie przy użyciu leków bez recepty dostępnych w aptece.</p>



<h2 class="h2 h2--content-tag wp-block-heading" id="leczyc">Jak leczyć afty spowodowane przez drobne rany?</h2>



<p>Jeśli afty są efektem drobnego urazu błony śluzowej jamy ustnej, pomóc mogą preparaty wspierające gojenie ran, które łagodzą ból i chronią ranę przed szkodliwym działaniem czynników zewnętrznych.</p>



<h2 class="h2 h2--content-tag wp-block-heading" id="plyn">Płyn do płukania jamy ustnej na afty</h2>



<p>W leczeniu aft dobre efekty przynosi zastosowanie <strong>płynu do płukania jamy ustnej</strong>. Jest to wyrób medyczny do stosowania w jamie ustnej, który zawierając substancje nawilżające (m.in. kwas hialuronowy) wspiera proces gojenia i regenerację błony śluzowej. Składniki aktywne zawarte w płynie do płukania jamy ustnej tworzą warstwę ochronną oraz łagodzą nieprzyjemne dolegliwości. Natomiast aloes działa kojąco.</p>



<h2 class="h2 h2--content-tag wp-block-heading" id="zel">Leki na afty – żel stomatologiczny</h2>



<p>Afty w jakie ustnej leczyć można stosując <strong>żel</strong> ze składnikami aktywnymi (m.in. z chlorheksydyna) o działaniu przeciwzapalnym i łagodzącym. Lek w formie żelu pomaga na afty i pleśniawki, a także choroby zębów i przyzębia.</p>



<h2 class="h2 h2--content-tag wp-block-heading" id="aerozol">Leki na afty &#8211; aerozol na afty w obrębie jamy ustnej</h2>



<p>Afty w jamie ustnej zneutralizować można używając leku w formie aerozolu, z aplikatorem, który pozwala na wygodne i precyzyjne nałożenie go na obolałe miejsca.</p>



<h2 class="h2 h2--content-tag wp-block-heading" id="stan">Afty i stan zapalny – kiedy potrzebna jest konsultacja lekarska?</h2>



<p>Afty, które mają postać białych plamek, mogą powodować stan zapalny w jamie ustnej, który wymaga konsultacji lekarskiej. Jeśli zaobserwujesz u siebie powiększenie węzłów chłonnych, wzrost temperatury ciała lub ból gardła &#8211; umów wizytę u lekarza.</p>



<h2 class="h2 h2--content-tag wp-block-heading" id="skuteczny">Jak wybrać skuteczny lek na afty u dorosłych?</h2>



<p>Osoby dorosłe borykające się z aftami najchętniej sięgają po żele na afty, które przeznaczone są do miejscowego stosowania w jamie ustnej. Przynoszą one ulgę w bólu, mają działanie przeciwzapalnie i łagodzące, a także przyśpieszają gojenie ran.</p>



<p>Skuteczne są także płyny do płukania jamy ustnej wspierające regenerację śluzówki kwasem hialuronowym, a dodatkowo obecne w nich składniki aktywne mogą stworzyć warstwę ochronną, która skutecznie złagodzi przykre dolegliwości towarzyszące aftom.</p>



<h2 class="h2 h2--content-tag wp-block-heading" id="dzieci">Jaki lek na afty dla dzieci?</h2>



<p>Afty i pleśniawki są częstym problemem dzieci, które ząbkują lub mają obniżoną odporność. U dziecka, u którego pojawiła się afta, może pojawić się dyskomfort i niepokój, dlatego tak ważne jest użycie <strong>leku na afty dla dzieci</strong>, który poprawi samopoczucie i przyniesie ulgę. Warto sięgnąć po wyrób medyczny w formie żelu z naturalnymi składnikami, np. z aloesu, które złagodzą ból.</p>
