{"id":18531,"date":"2023-12-18T11:32:39","date_gmt":"2023-12-18T10:32:39","guid":{"rendered":"https:\/\/telemedi.com\/?post_type=tm-guide&#038;p=18531"},"modified":"2024-01-04T22:50:02","modified_gmt":"2024-01-04T21:50:02","slug":"goraczka-powiekszone-wezly-chlonne-i-zmeczenie-powazny-problem-czy-zwykla-infekcja","status":"publish","type":"tm-guide","link":"https:\/\/telemedi.com\/pl\/poradnik\/goraczka-powiekszone-wezly-chlonne-i-zmeczenie-powazny-problem-czy-zwykla-infekcja\/","title":{"rendered":"Gor\u0105czka, powi\u0119kszone w\u0119z\u0142y ch\u0142onne i zm\u0119czenie &#8211; powa\u017cny problem czy zwyk\u0142a infekcja?"},"content":{"rendered":"\n<h2 class=\"h2 h2--content-tag wp-block-heading\" id=\"przy\">Powi\u0119kszone w\u0119z\u0142y ch\u0142onne &#8211; przyczyny. Co oznacza ten objaw?<\/h2>\n\n\n\n<p><strong>Powi\u0119kszone w\u0119z\u0142y ch\u0142onne<\/strong> stanowi\u0105 istotny sygna\u0142, kt\u00f3ry organizm wysy\u0142a, by poinformowa\u0107 nas o dzia\u0142aniu uk\u0142adu odporno\u015bciowego. Jak wygl\u0105daj\u0105 objawy powi\u0119kszonych w\u0119z\u0142\u00f3w ch\u0142onnych? S\u0105 to ma\u0142e, bolesne guzki, kt\u00f3re mo\u017cna wyczu\u0107 pod pachami, za uszami, na szyi i w pachwinach. <strong>W\u0119z\u0142y ch\u0142onne<\/strong> pe\u0142ni\u0105 funkcj\u0119 filtra, zatrzymuj\u0105c i eliminuj\u0105c drobnoustroje. Gdy staj\u0105 si\u0119 powi\u0119kszone, mo\u017ce to \u015bwiadczy\u0107 o zwi\u0119kszonej aktywno\u015bci uk\u0142adu odporno\u015bciowego. <strong>Przyczyny powi\u0119kszonych<\/strong> <strong>w\u0119z\u0142\u00f3w ch\u0142onnych<\/strong> s\u0105 r\u00f3\u017cnorodne &#8211; od infekcji wirusowych, bakteryjnych po stany zapalne czy nawet choroby nowotworowe.<\/p>\n\n\n\n<p>Infekcje, takie jak mononukleoza zaka\u017ana, gru\u017alica czy chlamydia, s\u0105 cz\u0119stymi przyczynami <strong>powi\u0119kszenia w\u0119z\u0142\u00f3w ch\u0142onnych<\/strong>. Do powi\u0119kszenia w\u0119z\u0142\u00f3w ch\u0142onnych dochodzi w przebiegu chor\u00f3b paso\u017cytniczych i spichrzeniowych (rzadko wyst\u0119puj\u0105ce wrodzone wady metabolizmu w\u0119glowodan\u00f3w). R\u00f3wnie\u017c choroby takie jak <strong>reumatoidalne zapalenie staw\u00f3w<\/strong>, Hashimoto czy tocze\u0144 rumieniowaty mog\u0105 objawia\u0107 si\u0119 powi\u0119kszeniem w\u0119z\u0142\u00f3w ch\u0142onnych.<\/p>\n\n\n\n<p>Do przyczyn <strong>powi\u0119kszonych w\u0119z\u0142\u00f3w ch\u0142onnych<\/strong> nale\u017c\u0105 r\u00f3wnie\u017c nowotwory limfoidalne, takie jak ch\u0142oniaki czy bia\u0142aczki. Dlatego, gdy wyczujesz pod palcami <strong>powi\u0119kszone w\u0119z\u0142y ch\u0142onne szyjne<\/strong>, za uszami czy w pachwinach, warto aby\u015b skonsultowa\u0142 si\u0119 z lekarzem, kt\u00f3ry zleci odpowiednie badania, takie jak morfologia krwi, badania obrazowe czy biopsj\u0119 w\u0119z\u0142\u00f3w ch\u0142onnych. <strong>Leczenie powi\u0119kszonych w\u0119z\u0142\u00f3w ch\u0142onnych<\/strong> zale\u017cy od ich pierwotnej przyczyny.<\/p>\n\n\n\n<h2 class=\"h2 h2--content-tag wp-block-heading\" id=\"gor\">Gor\u0105czka, zm\u0119czenie, powi\u0119kszenie w\u0119z\u0142\u00f3w ch\u0142onnych &#8211; symptomy rozpoczynaj\u0105cej si\u0119 infekcji<\/h2>\n\n\n\n<p>Gor\u0105czka i zm\u0119czenie, zw\u0142aszcza w po\u0142\u0105czeniu z <strong>powi\u0119kszonymi w\u0119z\u0142ami ch\u0142onnymi<\/strong>, s\u0105 cz\u0119stymi wska\u017anikami rozpoczynaj\u0105cej si\u0119 infekcji. Wirusy, takie jak wirus Epstein-Barr, kt\u00f3ry wywo\u0142uje mononukleoz\u0119 zaka\u017an\u0105, czy bakterie, jak Chlamydia pneumoniae, mog\u0105 by\u0107 odpowiedzialne za ten zestaw objaw\u00f3w. W <strong>przypadku powi\u0119kszonych w\u0119z\u0142\u00f3w ch\u0142onnych<\/strong> po\u0142\u0105czonych z objawami infekcji g\u00f3rnych dr\u00f3g oddechowych (gor\u0105czka, kaszel, katar), nie trzeba wpada\u0107 w panik\u0119 &#8211; wskazana jest wizyta u lekarza, ale najpewniej nie oznacza to ni\u0107 powa\u017cnego.<\/p>\n\n\n\n<p>Nale\u017cy jednak pami\u0119ta\u0107, \u017ce podwy\u017cszona temperatura cia\u0142a i zm\u0119czenie to tak\u017ce symptomy wielu innych chor\u00f3b, w tym zapalnych chor\u00f3b autoimmunologicznych czy nawet nowotwor\u00f3w. Dlatego wa\u017cne jest, aby nie bagatelizowa\u0107 tych objaw\u00f3w, zw\u0142aszcza gdy utrzymuj\u0105 si\u0119 przez d\u0142u\u017cszy czas.<\/p>\n\n\n\n<p>W przypadku powa\u017cnych chor\u00f3b, takich jak HIV\/AIDS, zaka\u017cenie wirusem cytomegalii czy nowotwor\u00f3w uk\u0142adu krwiotw\u00f3rczego, gor\u0105czka, zm\u0119czenie i <strong>obrz\u0119k w\u0119z\u0142\u00f3w ch\u0142onnych<\/strong> mog\u0105 by\u0107 sygna\u0142em, kt\u00f3ry wymaga natychmiastowej interwencji medycznej.<\/p>\n\n\n\n<p>Przy <strong>powi\u0119kszonych w\u0119z\u0142ach ch\u0142onnych<\/strong>, gor\u0105czce i zm\u0119czeniu nie nale\u017cy panikowa\u0107 &#8211; cz\u0119sto s\u0105 zwi\u0105zane po prostu z infekcjami. Je\u017celi jednak <strong>w\u0119z\u0142y ch\u0142onne<\/strong> <strong>powi\u0119kszaj\u0105 si\u0119<\/strong> bez \u017cadnych innych objaw\u00f3w, lub je\u017celi objawy utrzymuj\u0105 si\u0119 d\u0142ugo, konieczne b\u0119dzie zg\u0142oszenie si\u0119 do specjalisty. Wizyta u lekarza, odpowiednie badania i diagnostyka s\u0105 najwa\u017cniejsze dla skutecznego zidentyfikowania \u017ar\u00f3d\u0142a problemu i wdro\u017cenia odpowiedniego leczenia.<\/p>\n\n\n\n<p id=\"przy\"><strong>Przeczytaj tak\u017ce o:<\/strong><\/p>\n\n\n\n<figure class=\"wp-block-embed is-type-wp-embed is-provider-telemedi wp-block-embed-telemedi\"><div class=\"wp-block-embed__wrapper\">\n<blockquote class=\"wp-embedded-content\" data-secret=\"b2uCcUSePm\"><a href=\"https:\/\/telemedi.com\/pl\/poradnik\/otylosc-lekarz\/\">Oty\u0142o\u015b\u0107 lekarz<\/a><\/blockquote><iframe loading=\"lazy\" class=\"wp-embedded-content\" sandbox=\"allow-scripts\" security=\"restricted\" style=\"position: absolute; visibility: hidden;\" title=\"&#8222;Oty\u0142o\u015b\u0107 lekarz&#8221; &#8212; Telemedi\" src=\"https:\/\/telemedi.com\/pl\/poradnik\/otylosc-lekarz\/embed\/#?secret=on55g5ooFN#?secret=b2uCcUSePm\" data-secret=\"b2uCcUSePm\" width=\"600\" height=\"338\" frameborder=\"0\" marginwidth=\"0\" marginheight=\"0\" scrolling=\"no\"><\/iframe>\n<\/div><\/figure>\n\n\n\n<figure class=\"wp-block-embed is-type-wp-embed is-provider-telemedi wp-block-embed-telemedi\"><div class=\"wp-block-embed__wrapper\">\n<blockquote class=\"wp-embedded-content\" data-secret=\"VMJUbxGPFO\"><a href=\"https:\/\/telemedi.com\/pl\/poradnik\/e-recepta-nfz\/\">E-recepta NFZ<\/a><\/blockquote><iframe loading=\"lazy\" class=\"wp-embedded-content\" sandbox=\"allow-scripts\" security=\"restricted\" style=\"position: absolute; visibility: hidden;\" title=\"&#8222;E-recepta NFZ&#8221; &#8212; Telemedi\" src=\"https:\/\/telemedi.com\/pl\/poradnik\/e-recepta-nfz\/embed\/#?secret=kP5gqJPmUq#?secret=VMJUbxGPFO\" data-secret=\"VMJUbxGPFO\" width=\"600\" height=\"338\" frameborder=\"0\" marginwidth=\"0\" marginheight=\"0\" scrolling=\"no\"><\/iframe>\n<\/div><\/figure>\n\n\n\n<figure class=\"wp-block-embed is-type-wp-embed is-provider-telemedi wp-block-embed-telemedi\"><div class=\"wp-block-embed__wrapper\">\n<blockquote class=\"wp-embedded-content\" data-secret=\"aN6If4x3NF\"><a href=\"https:\/\/telemedi.com\/pl\/poradnik\/internetowy-lekarz-online-za-darmo-na-nfz\/\">Internetowy lekarz online za&nbsp;darmo (na&nbsp;NFZ)<\/a><\/blockquote><iframe loading=\"lazy\" class=\"wp-embedded-content\" sandbox=\"allow-scripts\" security=\"restricted\" style=\"position: absolute; visibility: hidden;\" title=\"&#8222;Internetowy lekarz online za&nbsp;darmo (na&nbsp;NFZ)&#8221; &#8212; Telemedi\" src=\"https:\/\/telemedi.com\/pl\/poradnik\/internetowy-lekarz-online-za-darmo-na-nfz\/embed\/#?secret=6tliBepsdZ#?secret=aN6If4x3NF\" data-secret=\"aN6If4x3NF\" width=\"600\" height=\"338\" frameborder=\"0\" marginwidth=\"0\" marginheight=\"0\" scrolling=\"no\"><\/iframe>\n<\/div><\/figure>\n","protected":false},"author":1,"featured_media":18613,"template":"","tags":[5326,1399,2905,1702,5240,1379],"guide_category":[1756],"class_list":["post-18531","tm-guide","type-tm-guide","status-publish","has-post-thumbnail","hentry","tag-choroby-autoimmunologiczne","tag-goraczka","tag-infekcja","tag-nowotwor","tag-powiekszone-wezly-chlonne-2","tag-zmeczenie","guide_category-objawy"],"acf":[],"lang":"pl","translations":{"pl":18531},"_links":{"self":[{"href":"https:\/\/telemedi.com\/tm-api\/wp\/v2\/tm-guide\/18531","targetHints":{"allow":["GET"]}}],"collection":[{"href":"https:\/\/telemedi.com\/tm-api\/wp\/v2\/tm-guide"}],"about":[{"href":"https:\/\/telemedi.com\/tm-api\/wp\/v2\/types\/tm-guide"}],"author":[{"embeddable":true,"href":"https:\/\/telemedi.com\/tm-api\/wp\/v2\/users\/1"}],"wp:featuredmedia":[{"embeddable":true,"href":"https:\/\/telemedi.com\/tm-api\/wp\/v2\/media\/18613"}],"wp:attachment":[{"href":"https:\/\/telemedi.com\/tm-api\/wp\/v2\/media?parent=18531"}],"wp:term":[{"taxonomy":"post_tag","embeddable":true,"href":"https:\/\/telemedi.com\/tm-api\/wp\/v2\/tags?post=18531"},{"taxonomy":"guide_category","embeddable":true,"href":"https:\/\/telemedi.com\/tm-api\/wp\/v2\/guide_category?post=18531"}],"curies":[{"name":"wp","href":"https:\/\/api.w.org\/{rel}","templated":true}]}}

Gorączka, powiększone węzły chłonne i zmęczenie &#8211; poważny problem czy zwykła infekcja?

<h2 class="h2 h2--content-tag wp-block-heading" id="przy">Powiększone węzły chłonne &#8211; przyczyny. Co oznacza ten objaw?</h2>



<p><strong>Powiększone węzły chłonne</strong> stanowią istotny sygnał, który organizm wysyła, by poinformować nas o działaniu układu odpornościowego. Jak wyglądają objawy powiększonych węzłów chłonnych? Są to małe, bolesne guzki, które można wyczuć pod pachami, za uszami, na szyi i w pachwinach. <strong>Węzły chłonne</strong> pełnią funkcję filtra, zatrzymując i eliminując drobnoustroje. Gdy stają się powiększone, może to świadczyć o zwiększonej aktywności układu odpornościowego. <strong>Przyczyny powiększonych</strong> <strong>węzłów chłonnych</strong> są różnorodne &#8211; od infekcji wirusowych, bakteryjnych po stany zapalne czy nawet choroby nowotworowe.</p>



<p>Infekcje, takie jak mononukleoza zakaźna, gruźlica czy chlamydia, są częstymi przyczynami <strong>powiększenia węzłów chłonnych</strong>. Do powiększenia węzłów chłonnych dochodzi w przebiegu chorób pasożytniczych i spichrzeniowych (rzadko występujące wrodzone wady metabolizmu węglowodanów). Również choroby takie jak <strong>reumatoidalne zapalenie stawów</strong>, Hashimoto czy toczeń rumieniowaty mogą objawiać się powiększeniem węzłów chłonnych.</p>



<p>Do przyczyn <strong>powiększonych węzłów chłonnych</strong> należą również nowotwory limfoidalne, takie jak chłoniaki czy białaczki. Dlatego, gdy wyczujesz pod palcami <strong>powiększone węzły chłonne szyjne</strong>, za uszami czy w pachwinach, warto abyś skonsultował się z lekarzem, który zleci odpowiednie badania, takie jak morfologia krwi, badania obrazowe czy biopsję węzłów chłonnych. <strong>Leczenie powiększonych węzłów chłonnych</strong> zależy od ich pierwotnej przyczyny.</p>



<h2 class="h2 h2--content-tag wp-block-heading" id="gor">Gorączka, zmęczenie, powiększenie węzłów chłonnych &#8211; symptomy rozpoczynającej się infekcji</h2>



<p>Gorączka i zmęczenie, zwłaszcza w połączeniu z <strong>powiększonymi węzłami chłonnymi</strong>, są częstymi wskaźnikami rozpoczynającej się infekcji. Wirusy, takie jak wirus Epstein-Barr, który wywołuje mononukleozę zakaźną, czy bakterie, jak Chlamydia pneumoniae, mogą być odpowiedzialne za ten zestaw objawów. W <strong>przypadku powiększonych węzłów chłonnych</strong> połączonych z objawami infekcji górnych dróg oddechowych (gorączka, kaszel, katar), nie trzeba wpadać w panikę &#8211; wskazana jest wizyta u lekarza, ale najpewniej nie oznacza to nić poważnego.</p>



<p>Należy jednak pamiętać, że podwyższona temperatura ciała i zmęczenie to także symptomy wielu innych chorób, w tym zapalnych chorób autoimmunologicznych czy nawet nowotworów. Dlatego ważne jest, aby nie bagatelizować tych objawów, zwłaszcza gdy utrzymują się przez dłuższy czas.</p>



<p>W przypadku poważnych chorób, takich jak HIV/AIDS, zakażenie wirusem cytomegalii czy nowotworów układu krwiotwórczego, gorączka, zmęczenie i <strong>obrzęk węzłów chłonnych</strong> mogą być sygnałem, który wymaga natychmiastowej interwencji medycznej.</p>



<p>Przy <strong>powiększonych węzłach chłonnych</strong>, gorączce i zmęczeniu nie należy panikować &#8211; często są związane po prostu z infekcjami. Jeżeli jednak <strong>węzły chłonne</strong> <strong>powiększają się</strong> bez żadnych innych objawów, lub jeżeli objawy utrzymują się długo, konieczne będzie zgłoszenie się do specjalisty. Wizyta u lekarza, odpowiednie badania i diagnostyka są najważniejsze dla skutecznego zidentyfikowania źródła problemu i wdrożenia odpowiedniego leczenia.</p>



<p id="przy"><strong>Przeczytaj także o:</strong></p>



<figure class="wp-block-embed is-type-wp-embed is-provider-telemedi wp-block-embed-telemedi"><div class="wp-block-embed__wrapper">
<blockquote class="wp-embedded-content" data-secret="b2uCcUSePm"><a href="https://telemedi.com/pl/poradnik/otylosc-lekarz/">Otyłość lekarz</a></blockquote><iframe loading="lazy" class="wp-embedded-content" sandbox="allow-scripts" security="restricted" style="position: absolute; visibility: hidden;" title="&#8222;Otyłość lekarz&#8221; &#8212; Telemedi" src="https://telemedi.com/pl/poradnik/otylosc-lekarz/embed/#?secret=on55g5ooFN#?secret=b2uCcUSePm" data-secret="b2uCcUSePm" width="600" height="338" frameborder="0" marginwidth="0" marginheight="0" scrolling="no"></iframe>
</div></figure>



<figure class="wp-block-embed is-type-wp-embed is-provider-telemedi wp-block-embed-telemedi"><div class="wp-block-embed__wrapper">
<blockquote class="wp-embedded-content" data-secret="VMJUbxGPFO"><a href="https://telemedi.com/pl/poradnik/e-recepta-nfz/">E-recepta NFZ</a></blockquote><iframe loading="lazy" class="wp-embedded-content" sandbox="allow-scripts" security="restricted" style="position: absolute; visibility: hidden;" title="&#8222;E-recepta NFZ&#8221; &#8212; Telemedi" src="https://telemedi.com/pl/poradnik/e-recepta-nfz/embed/#?secret=kP5gqJPmUq#?secret=VMJUbxGPFO" data-secret="VMJUbxGPFO" width="600" height="338" frameborder="0" marginwidth="0" marginheight="0" scrolling="no"></iframe>
</div></figure>



<figure class="wp-block-embed is-type-wp-embed is-provider-telemedi wp-block-embed-telemedi"><div class="wp-block-embed__wrapper">
<blockquote class="wp-embedded-content" data-secret="aN6If4x3NF"><a href="https://telemedi.com/pl/poradnik/internetowy-lekarz-online-za-darmo-na-nfz/">Internetowy lekarz online za&nbsp;darmo (na&nbsp;NFZ)</a></blockquote><iframe loading="lazy" class="wp-embedded-content" sandbox="allow-scripts" security="restricted" style="position: absolute; visibility: hidden;" title="&#8222;Internetowy lekarz online za&nbsp;darmo (na&nbsp;NFZ)&#8221; &#8212; Telemedi" src="https://telemedi.com/pl/poradnik/internetowy-lekarz-online-za-darmo-na-nfz/embed/#?secret=6tliBepsdZ#?secret=aN6If4x3NF" data-secret="aN6If4x3NF" width="600" height="338" frameborder="0" marginwidth="0" marginheight="0" scrolling="no"></iframe>
</div></figure>
