{"id":20475,"date":"2024-05-30T18:52:44","date_gmt":"2024-05-30T16:52:44","guid":{"rendered":"https:\/\/telemedi.com\/?post_type=tm-guide&#038;p=20475"},"modified":"2024-07-30T20:00:08","modified_gmt":"2024-07-30T18:00:08","slug":"dlaczego-niektore-osoby-sa-bardziej-podatne-na-zapalenie-gardla","status":"publish","type":"tm-guide","link":"https:\/\/telemedi.com\/pl\/poradnik\/dlaczego-niektore-osoby-sa-bardziej-podatne-na-zapalenie-gardla\/","title":{"rendered":"Dlaczego niekt\u00f3re osoby s\u0105 bardziej podatne na zapalenie gard\u0142a?"},"content":{"rendered":"\n<h2 class=\"h2 h2--content-tag wp-block-heading\" id=\"ost\"><strong>Ostre zapalenie gard\u0142a &#8211; czynniki ryzyka<\/strong><\/h2>\n\n\n\n<p>Osoby z os\u0142abionym uk\u0142adem odporno\u015bciowym s\u0105 bardziej nara\u017cone na <strong>zapalenie gard\u0142a<\/strong>. Dzieje si\u0119 tak, poniewa\u017c ich organizm ma trudno\u015bci ze zwalczaniem choroby oraz cz\u0119sto &#8222;\u0142api\u0105&#8221; infekcje wirusowe. Mo\u017ce rozwin\u0105\u0107 si\u0119 wtedy <strong>przewlek\u0142e zapalenie gard\u0142a<\/strong>. Dodatkowo problemy z <strong>zapaleniem b\u0142ony \u015bluzowej gard\u0142a<\/strong> maj\u0105 osoby, kt\u00f3re nie leczy\u0142y prawid\u0142owo poprzedniej choroby &#8211; zapalenie gard\u0142a lubi nawraca\u0107, np. je\u017celi pacjent bra\u0142 antybiotyk tylko do momentu ust\u0105pienia objaw\u00f3w, a nie przez okres wskazany przez lekarza.<\/p>\n\n\n\n<p>Do innych czynnik\u00f3w ryzyka nale\u017c\u0105:<\/p>\n\n\n\n<ul class=\"wp-block-list\">\n<li><strong>Cz\u0119sty kontakt z chorymi &#8211;<\/strong> je\u015bli masz cz\u0119sty kontakt z osobami chorymi na zapalenie gard\u0142a, masz wi\u0119ksze szanse na zara\u017cenie si\u0119 infekcj\u0105.<\/li>\n\n\n\n<li><strong>Palenie tytoniu &#8211;<\/strong> dym tytoniowy podra\u017cnia gard\u0142o i mo\u017ce zwi\u0119kszy\u0107 ryzyko infekcji, mo\u017ce tak\u017ce powodowa\u0107 b\u00f3l gard\u0142a z samego podra\u017cnienia.<\/li>\n\n\n\n<li><strong>Przebywanie w suchym powietrzu &#8211;<\/strong> suche powietrze mo\u017ce podra\u017cnia\u0107 gard\u0142o i czyni\u0107 je bardziej podatnym na infekcj\u0119.<\/li>\n\n\n\n<li><strong>Alergie &#8211;<\/strong> alergie mog\u0105 powodowa\u0107 podra\u017cnienie i stan zapalny gard\u0142a, co czyni je bardziej podatnym na infekcj\u0119.<\/li>\n\n\n\n<li><strong>Choroby przewlek\u0142e &#8211;<\/strong> choroby przewlek\u0142e, takie jak cukrzyca lub choroby p\u0142uc, mog\u0105 os\u0142abia\u0107 uk\u0142ad odporno\u015bciowy i zwi\u0119ksza\u0107 ryzyko zapalenia gard\u0142a.<\/li>\n<\/ul>\n\n\n\n<h2 class=\"h2 h2--content-tag wp-block-heading\" id=\"pod\"><strong>Objawy anginy &#8211; b\u00f3l gard\u0142a, podra\u017cnienie gard\u0142a<\/strong><\/h2>\n\n\n\n<p><strong>Objawy zapalenia gard\u0142a<\/strong> o etiologii wirusowej mog\u0105 obejmowa\u0107:<\/p>\n\n\n\n<ul class=\"wp-block-list\">\n<li>b\u00f3l gard\u0142a i jego podra\u017cnienie;<\/li>\n\n\n\n<li><strong>przekrwienie b\u0142ony \u015bluzowej nosa<\/strong> i katar;<\/li>\n\n\n\n<li>trudno\u015bci z po\u0142ykaniem;<\/li>\n\n\n\n<li>kaszel;<\/li>\n\n\n\n<li>gor\u0105czka;<\/li>\n\n\n\n<li>powi\u0119kszone w\u0119z\u0142y ch\u0142onne na szyi.<\/li>\n<\/ul>\n\n\n\n<p>W niekt\u00f3rych przypadkach zapalenie gard\u0142a mo\u017ce by\u0107 spowodowane infekcj\u0105 bakteryjn\u0105 (angina bakteryjna). <strong>Bakteryjne zapalenie gard\u0142a<\/strong> mo\u017ce objawia\u0107 si\u0119:<\/p>\n\n\n\n<ul class=\"wp-block-list\">\n<li>silnym b\u00f3lem gard\u0142a;<\/li>\n\n\n\n<li>wysok\u0105 gor\u0105czk\u0105;<\/li>\n\n\n\n<li>nalotem na migda\u0142kach;<\/li>\n\n\n\n<li>powi\u0119kszone i bolesne w\u0119z\u0142y ch\u0142onne na szyi.<\/li>\n<\/ul>\n\n\n\n<p>W przypadku <strong>anginy bakteryjnej<\/strong> konieczne jest leczenie antybiotykiem. Nie mo\u017cna bagatelizowa\u0107 choroby, poniewa\u017c ta mo\u017ce rozwin\u0105\u0107 powik\u0142ania &#8211; np. <strong>gor\u0105czka reumatyczna<\/strong> czy zapalenie mi\u0119\u015bnia sercowego.<\/p>\n\n\n\n<h2 class=\"h2 h2--content-tag wp-block-heading\" id=\"unik\"><strong>Jak unikn\u0105\u0107 zapalenia gard\u0142a?<\/strong><\/h2>\n\n\n\n<p>Mo\u017cesz zmniejszy\u0107 ryzyko zapalenia i <strong>b\u00f3lu gard\u0142a<\/strong>, post\u0119puj\u0105c zgodnie z poni\u017cszymi wskaz\u00f3wkami:<\/p>\n\n\n\n<ul class=\"wp-block-list\">\n<li><strong>Cz\u0119sto myj r\u0119ce &#8211;<\/strong> mycie r\u0105k myd\u0142em i ciep\u0142\u0105 wod\u0105 przez co najmniej 20 sekund jest jednym z najlepszych sposob\u00f3w zapobiegania rozprzestrzenianiu si\u0119 infekcji.<\/li>\n\n\n\n<li><strong>Unikaj bliskiego kontaktu z chorymi &#8211;<\/strong> je\u015bli masz kontakt z kim\u015b chorym na zapalenie gard\u0142a, staraj si\u0119 trzyma\u0107 z dala od niego.<\/li>\n\n\n\n<li><strong>Nie pal tytoniu &#8211;<\/strong> palenie tytoniu podra\u017cnia gard\u0142o i zwi\u0119ksza ryzyko infekcji.<\/li>\n\n\n\n<li><strong>Nawil\u017caj powietrze &#8211;<\/strong> nawil\u017canie powietrza w domu mo\u017ce pom\u00f3c z\u0142agodzi\u0107 podra\u017cnienie gard\u0142a.<\/li>\n\n\n\n<li><strong>Unikaj czynnik\u00f3w dra\u017cni\u0105cych &#8211;<\/strong> unikaj czynnik\u00f3w dra\u017cni\u0105cych, takich jak dym, silne zapachy, czy ostre przyprawy, kt\u00f3re mog\u0105 podra\u017cnia\u0107 gard\u0142o.<\/li>\n\n\n\n<li><strong>Wzmacniaj uk\u0142ad odporno\u015bciowy &#8211;<\/strong> jedz zdrow\u0105 \u017cywno\u015b\u0107, wysypiaj si\u0119 i regularnie \u0107wicz, aby wzmocni\u0107 uk\u0142ad odporno\u015bciowy.<\/li>\n<\/ul>\n\n\n\n<p><strong>Przeczytaj tak\u017ce o:<\/strong><\/p>\n\n\n\n<figure class=\"wp-block-embed is-type-wp-embed is-provider-telemedi wp-block-embed-telemedi\"><div class=\"wp-block-embed__wrapper\">\n<blockquote class=\"wp-embedded-content\" data-secret=\"6h6pKMocoj\"><a href=\"https:\/\/telemedi.com\/pl\/poradnik\/dlaczego-styl-zycia-wplywa-na-cukrzyce-typu-2\/\">Dlaczego styl \u017cycia wp\u0142ywa na&nbsp;cukrzyc\u0119 typu 2<\/a><\/blockquote><iframe loading=\"lazy\" class=\"wp-embedded-content\" sandbox=\"allow-scripts\" security=\"restricted\" style=\"position: absolute; visibility: hidden;\" title=\"&#8222;Dlaczego styl \u017cycia wp\u0142ywa na&nbsp;cukrzyc\u0119 typu 2&#8221; &#8212; Telemedi\" src=\"https:\/\/telemedi.com\/pl\/poradnik\/dlaczego-styl-zycia-wplywa-na-cukrzyce-typu-2\/embed\/#?secret=6Jwh4yb0dw#?secret=6h6pKMocoj\" data-secret=\"6h6pKMocoj\" width=\"600\" height=\"338\" frameborder=\"0\" marginwidth=\"0\" marginheight=\"0\" scrolling=\"no\"><\/iframe>\n<\/div><\/figure>\n\n\n\n<figure class=\"wp-block-embed is-type-wp-embed is-provider-telemedi wp-block-embed-telemedi\"><div class=\"wp-block-embed__wrapper\">\n<blockquote class=\"wp-embedded-content\" data-secret=\"eclH4LnS8m\"><a href=\"https:\/\/telemedi.com\/pl\/poradnik\/dlaczego-zapalenie-gardla-czesto-nawraca\/\">Dlaczego zapalenie gard\u0142a cz\u0119sto nawraca?<\/a><\/blockquote><iframe loading=\"lazy\" class=\"wp-embedded-content\" sandbox=\"allow-scripts\" security=\"restricted\" style=\"position: absolute; visibility: hidden;\" title=\"&#8222;Dlaczego zapalenie gard\u0142a cz\u0119sto nawraca?&#8221; &#8212; Telemedi\" src=\"https:\/\/telemedi.com\/pl\/poradnik\/dlaczego-zapalenie-gardla-czesto-nawraca\/embed\/#?secret=YVY5Xllcqo#?secret=eclH4LnS8m\" data-secret=\"eclH4LnS8m\" width=\"600\" height=\"338\" frameborder=\"0\" marginwidth=\"0\" marginheight=\"0\" scrolling=\"no\"><\/iframe>\n<\/div><\/figure>\n\n\n\n<figure class=\"wp-block-embed is-type-wp-embed is-provider-telemedi wp-block-embed-telemedi\"><div class=\"wp-block-embed__wrapper\">\n<blockquote class=\"wp-embedded-content\" data-secret=\"VUX0QDPoUw\"><a href=\"https:\/\/telemedi.com\/pl\/poradnik\/jakie-sa-roznice-miedzy-wizyta-u-okulisty-prywatnie-a-w-publicznej-placowce\/\">Jakie s\u0105&nbsp;r\u00f3\u017cnice mi\u0119dzy wizyt\u0105 u&nbsp;okulisty prywatnie a&nbsp;w&nbsp;publicznej plac\u00f3wce?<\/a><\/blockquote><iframe loading=\"lazy\" class=\"wp-embedded-content\" sandbox=\"allow-scripts\" security=\"restricted\" style=\"position: absolute; visibility: hidden;\" title=\"&#8222;Jakie s\u0105&nbsp;r\u00f3\u017cnice mi\u0119dzy wizyt\u0105 u&nbsp;okulisty prywatnie a&nbsp;w&nbsp;publicznej plac\u00f3wce?&#8221; &#8212; Telemedi\" src=\"https:\/\/telemedi.com\/pl\/poradnik\/jakie-sa-roznice-miedzy-wizyta-u-okulisty-prywatnie-a-w-publicznej-placowce\/embed\/#?secret=U0Pom9aDuq#?secret=VUX0QDPoUw\" data-secret=\"VUX0QDPoUw\" width=\"600\" height=\"338\" frameborder=\"0\" marginwidth=\"0\" marginheight=\"0\" scrolling=\"no\"><\/iframe>\n<\/div><\/figure>\n","protected":false},"author":1,"featured_media":0,"template":"","tags":[64,6388,6382,6384,6392,1923,1917,6372],"guide_category":[6371],"class_list":["post-20475","tm-guide","type-tm-guide","status-publish","hentry","tag-bol-gardla","tag-czeste-zapalenia-gardla","tag-leczenie-zapalenia-gardla","tag-nawracajace-zapalenie-gardla","tag-podraznienie-gardla","tag-przewlekle-zapalenie-gardla","tag-wirusowe-zapalenie-gardla","tag-zapalenie-gardla-objawy","guide_category-zapalenie-gardla"],"acf":[],"lang":"pl","translations":{"pl":20475},"_links":{"self":[{"href":"https:\/\/telemedi.com\/tm-api\/wp\/v2\/tm-guide\/20475","targetHints":{"allow":["GET"]}}],"collection":[{"href":"https:\/\/telemedi.com\/tm-api\/wp\/v2\/tm-guide"}],"about":[{"href":"https:\/\/telemedi.com\/tm-api\/wp\/v2\/types\/tm-guide"}],"author":[{"embeddable":true,"href":"https:\/\/telemedi.com\/tm-api\/wp\/v2\/users\/1"}],"wp:attachment":[{"href":"https:\/\/telemedi.com\/tm-api\/wp\/v2\/media?parent=20475"}],"wp:term":[{"taxonomy":"post_tag","embeddable":true,"href":"https:\/\/telemedi.com\/tm-api\/wp\/v2\/tags?post=20475"},{"taxonomy":"guide_category","embeddable":true,"href":"https:\/\/telemedi.com\/tm-api\/wp\/v2\/guide_category?post=20475"}],"curies":[{"name":"wp","href":"https:\/\/api.w.org\/{rel}","templated":true}]}}

Dlaczego niektóre osoby są bardziej podatne na zapalenie gardła?

<h2 class="h2 h2--content-tag wp-block-heading" id="ost"><strong>Ostre zapalenie gardła &#8211; czynniki ryzyka</strong></h2>



<p>Osoby z osłabionym układem odpornościowym są bardziej narażone na <strong>zapalenie gardła</strong>. Dzieje się tak, ponieważ ich organizm ma trudności ze zwalczaniem choroby oraz często &#8222;łapią&#8221; infekcje wirusowe. Może rozwinąć się wtedy <strong>przewlekłe zapalenie gardła</strong>. Dodatkowo problemy z <strong>zapaleniem błony śluzowej gardła</strong> mają osoby, które nie leczyły prawidłowo poprzedniej choroby &#8211; zapalenie gardła lubi nawracać, np. jeżeli pacjent brał antybiotyk tylko do momentu ustąpienia objawów, a nie przez okres wskazany przez lekarza.</p>



<p>Do innych czynników ryzyka należą:</p>



<ul class="wp-block-list">
<li><strong>Częsty kontakt z chorymi &#8211;</strong> jeśli masz częsty kontakt z osobami chorymi na zapalenie gardła, masz większe szanse na zarażenie się infekcją.</li>



<li><strong>Palenie tytoniu &#8211;</strong> dym tytoniowy podrażnia gardło i może zwiększyć ryzyko infekcji, może także powodować ból gardła z samego podrażnienia.</li>



<li><strong>Przebywanie w suchym powietrzu &#8211;</strong> suche powietrze może podrażniać gardło i czynić je bardziej podatnym na infekcję.</li>



<li><strong>Alergie &#8211;</strong> alergie mogą powodować podrażnienie i stan zapalny gardła, co czyni je bardziej podatnym na infekcję.</li>



<li><strong>Choroby przewlekłe &#8211;</strong> choroby przewlekłe, takie jak cukrzyca lub choroby płuc, mogą osłabiać układ odpornościowy i zwiększać ryzyko zapalenia gardła.</li>
</ul>



<h2 class="h2 h2--content-tag wp-block-heading" id="pod"><strong>Objawy anginy &#8211; ból gardła, podrażnienie gardła</strong></h2>



<p><strong>Objawy zapalenia gardła</strong> o etiologii wirusowej mogą obejmować:</p>



<ul class="wp-block-list">
<li>ból gardła i jego podrażnienie;</li>



<li><strong>przekrwienie błony śluzowej nosa</strong> i katar;</li>



<li>trudności z połykaniem;</li>



<li>kaszel;</li>



<li>gorączka;</li>



<li>powiększone węzły chłonne na szyi.</li>
</ul>



<p>W niektórych przypadkach zapalenie gardła może być spowodowane infekcją bakteryjną (angina bakteryjna). <strong>Bakteryjne zapalenie gardła</strong> może objawiać się:</p>



<ul class="wp-block-list">
<li>silnym bólem gardła;</li>



<li>wysoką gorączką;</li>



<li>nalotem na migdałkach;</li>



<li>powiększone i bolesne węzły chłonne na szyi.</li>
</ul>



<p>W przypadku <strong>anginy bakteryjnej</strong> konieczne jest leczenie antybiotykiem. Nie można bagatelizować choroby, ponieważ ta może rozwinąć powikłania &#8211; np. <strong>gorączka reumatyczna</strong> czy zapalenie mięśnia sercowego.</p>



<h2 class="h2 h2--content-tag wp-block-heading" id="unik"><strong>Jak uniknąć zapalenia gardła?</strong></h2>



<p>Możesz zmniejszyć ryzyko zapalenia i <strong>bólu gardła</strong>, postępując zgodnie z poniższymi wskazówkami:</p>



<ul class="wp-block-list">
<li><strong>Często myj ręce &#8211;</strong> mycie rąk mydłem i ciepłą wodą przez co najmniej 20 sekund jest jednym z najlepszych sposobów zapobiegania rozprzestrzenianiu się infekcji.</li>



<li><strong>Unikaj bliskiego kontaktu z chorymi &#8211;</strong> jeśli masz kontakt z kimś chorym na zapalenie gardła, staraj się trzymać z dala od niego.</li>



<li><strong>Nie pal tytoniu &#8211;</strong> palenie tytoniu podrażnia gardło i zwiększa ryzyko infekcji.</li>



<li><strong>Nawilżaj powietrze &#8211;</strong> nawilżanie powietrza w domu może pomóc złagodzić podrażnienie gardła.</li>



<li><strong>Unikaj czynników drażniących &#8211;</strong> unikaj czynników drażniących, takich jak dym, silne zapachy, czy ostre przyprawy, które mogą podrażniać gardło.</li>



<li><strong>Wzmacniaj układ odpornościowy &#8211;</strong> jedz zdrową żywność, wysypiaj się i regularnie ćwicz, aby wzmocnić układ odpornościowy.</li>
</ul>



<p><strong>Przeczytaj także o:</strong></p>



<figure class="wp-block-embed is-type-wp-embed is-provider-telemedi wp-block-embed-telemedi"><div class="wp-block-embed__wrapper">
<blockquote class="wp-embedded-content" data-secret="6h6pKMocoj"><a href="https://telemedi.com/pl/poradnik/dlaczego-styl-zycia-wplywa-na-cukrzyce-typu-2/">Dlaczego styl życia wpływa na&nbsp;cukrzycę typu 2</a></blockquote><iframe loading="lazy" class="wp-embedded-content" sandbox="allow-scripts" security="restricted" style="position: absolute; visibility: hidden;" title="&#8222;Dlaczego styl życia wpływa na&nbsp;cukrzycę typu 2&#8221; &#8212; Telemedi" src="https://telemedi.com/pl/poradnik/dlaczego-styl-zycia-wplywa-na-cukrzyce-typu-2/embed/#?secret=6Jwh4yb0dw#?secret=6h6pKMocoj" data-secret="6h6pKMocoj" width="600" height="338" frameborder="0" marginwidth="0" marginheight="0" scrolling="no"></iframe>
</div></figure>



<figure class="wp-block-embed is-type-wp-embed is-provider-telemedi wp-block-embed-telemedi"><div class="wp-block-embed__wrapper">
<blockquote class="wp-embedded-content" data-secret="eclH4LnS8m"><a href="https://telemedi.com/pl/poradnik/dlaczego-zapalenie-gardla-czesto-nawraca/">Dlaczego zapalenie gardła często nawraca?</a></blockquote><iframe loading="lazy" class="wp-embedded-content" sandbox="allow-scripts" security="restricted" style="position: absolute; visibility: hidden;" title="&#8222;Dlaczego zapalenie gardła często nawraca?&#8221; &#8212; Telemedi" src="https://telemedi.com/pl/poradnik/dlaczego-zapalenie-gardla-czesto-nawraca/embed/#?secret=YVY5Xllcqo#?secret=eclH4LnS8m" data-secret="eclH4LnS8m" width="600" height="338" frameborder="0" marginwidth="0" marginheight="0" scrolling="no"></iframe>
</div></figure>



<figure class="wp-block-embed is-type-wp-embed is-provider-telemedi wp-block-embed-telemedi"><div class="wp-block-embed__wrapper">
<blockquote class="wp-embedded-content" data-secret="VUX0QDPoUw"><a href="https://telemedi.com/pl/poradnik/jakie-sa-roznice-miedzy-wizyta-u-okulisty-prywatnie-a-w-publicznej-placowce/">Jakie są&nbsp;różnice między wizytą u&nbsp;okulisty prywatnie a&nbsp;w&nbsp;publicznej placówce?</a></blockquote><iframe loading="lazy" class="wp-embedded-content" sandbox="allow-scripts" security="restricted" style="position: absolute; visibility: hidden;" title="&#8222;Jakie są&nbsp;różnice między wizytą u&nbsp;okulisty prywatnie a&nbsp;w&nbsp;publicznej placówce?&#8221; &#8212; Telemedi" src="https://telemedi.com/pl/poradnik/jakie-sa-roznice-miedzy-wizyta-u-okulisty-prywatnie-a-w-publicznej-placowce/embed/#?secret=U0Pom9aDuq#?secret=VUX0QDPoUw" data-secret="VUX0QDPoUw" width="600" height="338" frameborder="0" marginwidth="0" marginheight="0" scrolling="no"></iframe>
</div></figure>
